remainder when y is divided by 102.
79
Let f(l) = -2*l**3 - 17*l**2 - 8*l - 3. Let w be f(-8). Calculate the remainder when (-2167)/w - ((-112)/(-42))/(-4) is divided by 22.
19
Let a = -442 + 635. Let w(f) = -63*f**2 + 418*f + 201. What is the remainder when a is divided by w(7)?
33
Suppose 511*v - 490*v = 861. Calculate the remainder when 3509 is divided by v.
24
Let g = -24 - -46. Suppose 4*u = 5*w + 388, -112 = 2*u + 4*w - 228. Calculate the remainder when u is divided by g.
16
Suppose 40 = -v + 44, -v + 3936 = 4*y. What is the remainder when y is divided by 36?
11
Let x(t) = 13*t - 58. Let g(k) = 3*k - 14. Let q(m) = 18*g(m) - 4*x(m). What is the remainder when 23 is divided by q(11)?
1
Suppose 2664 = 4*p - 3*o, -6*p - o - 2664 = -10*p. Let c = p - 656. What is the remainder when c is divided by 6?
4
Let t be (-700)/(-10) - (0 + -3 + 4). Let j = t - 10. Let l(k) = k**3 + 7*k**2 + 5*k + 5. What is the remainder when j is divided by l(-5)?
29
Calculate the remainder when (7 - (-201)/(-5) - 4)*(-5)/2 is divided by 45.
3
Let b = -839 - -851. Let w(z) = -z**3 + 15*z**2 - 19*z - 23. Calculate the remainder when w(b) is divided by 43.
9
Let r(m) = -56*m - 213. Calculate the remainder when 16684 is divided by r(-8).
234
Let w = -13644 + 13654. Calculate the remainder when 4584 is divided by w.
4
Let n = -124 + 307. Suppose -51*d - n = -54*d. Calculate the remainder when d is divided by 16.
13
Let g = -561 + 675. Calculate the remainder when g is divided by 44.
26
Suppose 9*c + 848 + 2284 = 0. Let y = 223 + c. Let k = y - -194. Calculate the remainder when k is divided by 15.
9
Suppose -3*g = -2*k + 155, -371 = -3*k - 2*k + 2*g. Let m = k + -50. Calculate the remainder when 61 is divided by m.
15
Let q(i) = 20*i**2 + 3*i + 2. Suppose 0 = k, 4*b - 4*k + 7*k = 20. Suppose 3*z - 8*z = b. Calculate the remainder when q(z) is divided by 8.
3
Let x(w) = -4*w - 16. Let l = 26 + 2. Let o = l + -35. What is the remainder when 35 is divided by x(o)?
11
Suppose 0 = 3*h - 2*b + b - 31, -3*h = -5*b - 11. Let g be 1080/((-5)/(-1)) - 1. Let m = 247 - g. What is the remainder when m is divided by h?
8
Let d = -28294 + 28320. Let t = 420 - 273. What is the remainder when t is divided by d?
17
Suppose -22 = -24*p + 23*p - d, 5*d = 15. Suppose -222*f + 215*f + 3045 = 0. What is the remainder when f is divided by p?
17
Suppose 0 = 2*c - 25 - 33. Suppose 5*x - c + 14 = 0. Suppose 3*d - l - 125 = 0, l + x - 172 = -4*d. Calculate the remainder when d is divided by 9.
6
Suppose -5*i - 110 = 85. What is the remainder when (-171 + i)*(-4)/5 is divided by 35?
28
Calculate the remainder when (46 + -32)*(-48)/(-1) - (-7 + 3) is divided by 62.
56
Let w(a) = 62*a + 5840. Let n = -37 - -80. Calculate the remainder when w(-88) is divided by n.
40
Let a(l) = l**3 - 6*l**2 + 7*l + 4. Suppose 0*q - 5*q - 20 = 0, 916 = -2*g - 4*q. Calculate the remainder when a(6) is divided by g/(-15) - (8 + -2).
22
Let b = -131 + 135. Suppose -3*v - 4*x + 118 = 0, -2*v + 0*x + 80 = b*x. Calculate the remainder when v is divided by 17.
4
Let d(j) = 5*j**3 + 4*j**2 - 4*j + 5. Let a be d(4). Let p = a + -212. Calculate the remainder when p is divided by 10/2 - (-489 + 471)/((-2)/(-4)).
38
Let n(b) = -45*b + 6065. What is the remainder when 989 is divided by n(131)?
139
Let z(l) = -117*l + 7542. Calculate the remainder when z(63) is divided by (1 + 1)/((-1)/(-22)).
39
Suppose -7 = 3*o - 28. Suppose 361*k - 374*k - 194 + 870 = 0. What is the remainder when k is divided by o?
3
Let d(x) = 33*x - 1410. Calculate the remainder when 291 is divided by d(43).
3
Suppose 651*c = 641*c + 2770. Calculate the remainder when c is divided by 28.
25
Suppose -5*v - 435 = 3*v - 13*v. Calculate the remainder when 804 is divided by v.
21
Let a = -1311 + 3221. What is the remainder when a is divided by 29?
25
Let d(v) = -v**2 + 9*v + 8. Let n be d(7). Let g be (n + -18)*(2/(-8) - 0). Calculate the remainder when 57 is divided by g*1*1 + (-510)/(-17).
28
Suppose 3*z - g = 138, -256*z = -258*z + 4*g + 82. Calculate the remainder when 62 is divided by z.
15
Let c(y) = -41*y**3 - 3*y**2 + 1. Let n be c(2). Let o = -270 - n. Calculate the remainder when o is divided by 22.
3
Let k be 4/16*0*(-1)/(-1). Suppose -3*d + 0*d + 144 = k. Let w = -26 + d. Calculate the remainder when 40 is divided by w.
18
Suppose 0 = -4*b + 2*b + 164. Let n = b + 77. Suppose -600*x = -592*x - 336. What is the remainder when n is divided by x?
33
Let n(s) = 128*s**2 + 55*s + 25. Calculate the remainder when n(-3) is divided by 169.
167
Let f be 9 + 0/(-4) + 0 + -4. Suppose y = -y - 4*k + 144, y - 93 = f*k. What is the remainder when y is divided by 27?
24
Let t(q) be the first derivative of -q**4/4 - 14*q**3/3 - 15*q**2/2 + 16*q - 56. Calculate the remainder when t(-13) is divided by 15.
12
Let i = 1 - -10. Let f = -1385 + 1386. Calculate the remainder when i is divided by (-4)/(1 + 0) + 5 + f.
1
Let q(v) = -8*v + 70. Let z be q(11). Let o(g) = -8*g - 126. Calculate the remainder when 51 is divided by o(z).
15
Suppose -6*f + 589 + 1631 = 0. Let s = f + -311. What is the remainder when s is divided by 34?
25
Let x(n) = 24*n + 30. Let l be x(-6). Let o = -1 + -49. Let g = o - l. What is the remainder when g is divided by 13?
12
Let l be 3760/(-440) + 12/22. Let o = 42 + l. Calculate the remainder when o is divided by (0 - (3 - 3)) + 22.
12
Suppose 5*t - 13 - 7 = 0, -120 = -3*q - 3*t. Calculate the remainder when 470 is divided by q.
2
Let b be -4 + 1 - (-1 + 0). Calculate the remainder when ((-2)/((-4)/(-9)))/(21/(-238)) is divided by (1 + -54 + 1)/b.
25
Let r = -257 - -270. Suppose 5*g + 5*t - 45 = 0, -15*g + 42 = -r*g - 4*t. What is the remainder when g is divided by 12?
1
Suppose 4*i + 9 = -o + 44, 17 = 2*i + o. Suppose 126*w + 330 - 5748 = 0. Calculate the remainder when w is divided by i.
7
Let k(w) = -4*w**2 - 15*w + 58. Calculate the remainder when 4 is divided by k(-6).
0
Let d(z) = z**3 + 16*z**2 + 26*z - 28. Let g be d(-14). Suppose 2*u - 444 = -g*u. Suppose -6*k + u + 618 = 0. What is the remainder when k is divided by 36?
32
Let v(b) = -40*b. Suppose 5*w = -5*l + 5, -3*l + 2*w = -13 - 0. Let j(i) = i**3 - 2*i**2 + 12. Calculate the remainder when v(-2) is divided by j(l).
17
Let h = 526 + -513. Suppose 0 = b - 11 - 23. Calculate the remainder when b is divided by h.
8
Let z(i) = 8*i - 242. Calculate the remainder when 255 is divided by z(43).
51
Let g = -7213 - -7242. Let w = 180 + -70. What is the remainder when w is divided by g?
23
Suppose -4*d - 1689 + 541 = -4*v, 6*v + d - 1708 = 0. Calculate the remainder when 7119 is divided by v.
279
Suppose -2058 + 295 = -2*k - u, -4*u + 28 = 0. What is the remainder when k is divided by 50?
28
Let p(v) = v**3 + 10*v**2 + 23*v + 19. Suppose 15*r + 82 = -23. Suppose -2*n = 2*n - 160. What is the remainder when n is divided by p(r)?
0
Calculate the remainder when 742 is divided by ((-57)/(-247))/(6/702).
13
Let r(n) = n - 5. Let s(i) = -i**2 + 10*i - 3. Let w be s(9). Let t be w + 0 + 6/3. Calculate the remainder when 9 is divided by r(t).
0
Suppose -2*q + 77 = 25. Let i = -39 + 39. Suppose -3*r + 5*c = -366, 2*r - 2*c - 249 + 1 = i. Calculate the remainder when r is divided by q.
23
Let z = -62 - -44. Let b = 25 + z. Let m(a) = -3*a**2 - 50*a - 15. Calculate the remainder when m(-16) is divided by b.
3
Let i(s) = -s**2 - 13*s - 28. Let h(n) = 15*n + 3. Let o be h(3). Calculate the remainder when ((-54)/(-8))/(6/o) is divided by i(-7).
12
Let h(a) = -a**3 + 24*a**2 - 24*a + 28. Suppose -5*o - m = -64, -4*o = -2*o - 4*m - 8. Calculate the remainder when (2 + (-3)/6)*o is divided by h(23).
3
Suppose 10*i + 28804 = 17*i + 12*i. What is the remainder when i is divided by 186?
28
Let v(s) = 6*s**2. Suppose -3*k + 3 = 0, -h + 4*k - 5 = -15. Suppose -3*f + h = -2*f - 3*n, 2*n = -5*f + 2. What is the remainder when v(-1) is divided by f?
0
Suppose -l = 2*r - 914, 2*l + 447 = -66*r + 67*r. Calculate the remainder when r is divided by 139.
38
Let y(g) = -2*g**2 + 11*g + 16. Let x(f) = -2*f**2 + 10*f + 15. Let h(b) = -6*x(b) + 5*y(b). Calculate the remainder when 119 is divided by h(5).
14
Suppose -495 = 18*d - 2313. Let b = 161 - d. Calculate the remainder when b is divided by 16.
12
Suppose -16*x + 14*x = 